-6)). What is m(f)?
2
Let k(t) = -t**3 - 14*t**2 + 15*t + 4. Let q be k(-15). Suppose -z - q*r - 18 = 0, -2*z - 4*r = 36 - 12. Let o(v) = -v + 7. Determine o(z).
13
Let a(k) = -k - 4. Let t(s) = -s**2 - 12*s - 32. Let u be t(-8). Calculate a(u).
-4
Let n(c) = c + 6*c**2 - 36 + c + 30 + 5*c**3 - 4*c**3. Determine n(-5).
9
Let b(h) = -h. Let s(v) = -v**2 + 11*v - 8. Let w(a) = 4*b(a) + s(a). Let l be w(6). Let n be (l + 2/3)*3. Let p(t) = t**2 + 5*t - 3. Calculate p(n).
-7
Suppose 3*g = 5*p - 13, 6 = 4*p - 3*p - 4*g. Let m(d) = d - 3. Let y be m(p). Let j(o) = -5*o**2 + 2*o**3 + 1 + 4*o**2 + o**3 + o. Determine j(y).
-4
Let v(r) = r**3 - 4*r**2 + 4. Let o be v(3). Suppose -5*b + 10 = -20. Let s be b*(10/(-3))/o. Let y(c) = -c**2 + 4*c + 2. Calculate y(s).
2
Suppose 0*r - r = j - 22, -3*j + 2*r = -61. Let b = -11 + j. Let s = b - 10. Let d(u) = u**3 - u**2 - 5. What is d(s)?
-5
Let n(r) be the first derivative of r**3/3 + 5*r**2 - 4*r - 2. Let x be n(-10). Let u(f) be the first derivative of f**3/3 + 5*f**2/2 + 3*f - 2. Determine u(x).
-1
Let l(m) = 4*m - 3. Let x be (-3)/6 - 15/(-6). Determine l(x).
5
Suppose 38 = -5*b - 5*d + 4*d, -4*d = 5*b + 47. Let f(q) = -q**3 - 7*q**2 + q + 7. Let s be f(b). Let r(t) = t - 3. Calculate r(s).
-3
Let r(v) = v**2 - 2*v - 5. Let t be r(4). Let m(f) = -5*f + 2*f + t - 2. Determine m(-2).
7
Suppose 0 = -3*o - 7 - 8. Let i = -3 - o. Let w = -3 + i. Let t(n) = 6*n**3 + 1. What is t(w)?
-5
Let w(h) = h**3 - 7*h**2 - h + 8. Suppose -4*i + 43 = 5*q, 2*i - 5*q = i - 8. Give w(i).
1
Let l(k) = k**3 - 5*k**2 + 2*k + 2. Suppose 0 = 2*u - 3*m + 1, -u + 0 + 13 = 3*m. Give l(u).
-6
Let w(h) = -h**2 + 167*h - 350*h + 3 + 174*h. Calculate w(-9).
3
Let w(c) = -c - 3. Let l be ((2 - 0)/2)/1. Let j(x) = 19*x**2 + 4*x + 11. Let f(r) = 9*r**2 + 2*r + 5. Let a(k) = -13*f(k) + 6*j(k). Let s be a(l). Give w(s).
1
Let z(l) = l**3 - 4*l**2 - 5*l - 1. Let m be -6*(-6)/(-3) - -3. Let u be (m - -4)/(-3 - -2). What is z(u)?
-1
Suppose -3*w - 7 = -2*a, -5*w + 3*w - 2 = -2*a. Let q(z) = 125*z**3 + 4*z - 3*z**2 + 1 - 39*z**3 - 45*z**3 - 42*z**3. Determine q(a).
1
Let d(k) = k**3 + 3*k**2 - 3*k - 2. Let l be (-50)/14 - 33/77. Calculate d(l).
-6
Let j(m) be the second derivative of m**4/6 - m**3/6 - m**2 + m. Let v(y) be the second derivative of y**5/20 - y**4/6 - y**2 + y. Let q be v(2). Give j(q).
8
Suppose -3*k = k - 12. Let h = -1 + 3. Let a(o) = -2*o**2 - 3*o**h - 2 + 3*o**2 - k*o + o**3. Give a(3).
-2
Let n be (-11)/(-2) - (-4)/(-24)*3. Let p(w) = w + 2. What is p(n)?
7
Let l(d) = 2*d**2 - 4*d + 2. Let p = -8 + 10. What is l(p)?
2
Let q(x) = -2*x. Let r = -7 - -13. Let v = r + -1. Let g be (2 - (-42)/(-15))*v. Calculate q(g).
8
Let b(y) = 7*y - 1. Let z = 36 + -18. Let a = z - 17. What is b(a)?
6
Let v(r) be the third derivative of r**4/12 + r**3/6 - 18*r**2. Determine v(-2).
-3
Let k(x) = -9*x + 2. Let f(d) = -d. Let v(q) = 4*f(q) - k(q). What is v(2)?
8
Let r(x) = x**3 - x. Let i = 0 - -2. Let u(b) = -b**3 + b - 4. Let h(d) = i*r(d) + u(d). Determine h(0).
-4
Let j = 22 + -10. Let x be j/(0 + -2) - -2. Let k(l) = l**2 + 6*l - 5. What is k(x)?
-13
Let j(x) = x**2 - x - 2. Let q be j(0). Suppose -4*m - 3*i + 11 = 2, -4*m + 17 = -5*i. Let v(g) = 0*g**m - g - g**3 + 3*g. Determine v(q).
4
Suppose 14 = -2*d - 4*g - 12, d + 22 = -5*g. Let q = 20 + -11. Let y = q + d. Let t(n) = -n**3 + n. Calculate t(y).
-6
Let m(a) = -3*a + 3*a + a. Let c be -11 - (-2)/((-2)/(-3)). Let j = -11 - c. Give m(j).
-3
Let d(m) = 15*m - 10. Suppose -2*g + g - 10 = 0. Let t(j) = j - 1. Let k(n) = g*t(n) + d(n). Determine k(-2).
-10
Let l(t) = -t**2 + 7*t - 10. Let m be l(4). Suppose 4*y - 11 = s - 0*y, 4*y - 26 = -m*s. Let o(c) = -c + 4. What is o(s)?
-1
Suppose -3 = 2*x + 1, -5*a + 12 = -x. Let s(o) = o**3 - o**2 + o - 1. Let k(l) = l**3 - 4*l + 1. Let c(v) = a*s(v) + k(v). Let p = 0 - 1. Calculate c(p).
-4
Suppose 0 = -q - 4*q - 40. Let n(v) = -v**2 - 6*v + 9. What is n(q)?
-7
Let k(j) be the third derivative of j**4/24 - 2*j**2. Suppose 2*f = 15 - 23. Calculate k(f).
-4
Suppose 1 = z + 2*k, -2*z - 2*k + 5 = 3*k. Let t(d) be the third derivative of -d**5/60 - d**4/6 - d**3/3 - 4*d**2. Determine t(z).
-7
Let x(o) = -3*o**3. Let k be (2/(-5 - -1))/((-4)/8). Give x(k).
-3
Suppose 0 = 3*o - 2*o - 6. Suppose -r + o = -3*r. Let h(d) = d**3 + 2*d**2 - 4*d - 1. Calculate h(r).
2
Let i = 62 + -61. Let l(q) = q**2 - q + 1. Give l(i).
1
Suppose u + 2 = -2*g, 5 = -2*u + 5*g - 8. Let y(v) = 2*v**2 - v + 2. Let h(l) = 3*l**2 + 1. Let a(t) = -3*h(t) + 4*y(t). Determine a(u).
5
Let d(g) be the second derivative of -g**3/3 + 5*g**2/2 - 11*g. Determine d(4).
-3
Let u(c) = c**3 + 3*c**2 - 2*c - 2. Let i(k) be the third derivative of k**4/24 - k**3/6 + 2*k**2. Let m be i(1). Suppose -5*r + 9 - 24 = m. Give u(r).
4
Let i = -37 + 24. Let k = i - -16. Let x(b) = -3*b - 3*b + 4*b. Determine x(k).
-6
Let q(u) = -u**2 + 5*u - 3. Let z be q(3). Let k(a) be the third derivative of a**6/120 - a**5/20 - a**4/12 - a**3/6 - a**2. Determine k(z).
-7
Let g(n) be the first derivative of 3/2*n**2 + 1/3*n**3 - 3*n + 6. Calculate g(-5).
7
Suppose -12 + 6 = -2*g. Let u(r) = 2*r + 3*r**g + 0*r - r**2 - 11*r**3 - 3*r. Give u(-1).
8
Suppose -5 - 15 = -4*a. Let r = a + 0. Let d(g) = g**3 - 6*g**2 + 4*g - 1. Determine d(r).
-6
Let g(n) be the third derivative of n**6/120 - n**5/12 - 5*n**4/24 - n**3/2 + n**2. Let h(b) = -2*b**3 - 5*b**2 - 6*b - 2. Let z be h(-2). Calculate g(z).
3
Let s(v) = 2*v - 2. Let m be s(2). Let i(t) = 3*t**2 - 6*t**m + 5*t + 2*t**2. What is i(4)?
4
Let d(c) be the third derivative of 0 + 0*c + 2*c**2 - 1/24*c**4 - 7/6*c**3. What is d(-4)?
-3
Let k(t) = 2*t**2 + t. Let a be k(-1). Suppose 0 = -u + 3. Let p(y) = 0*y**u + 1 + y**3 + 6*y - 6*y**2 + a. Give p(5).
7
Let n(h) = h**3 - 4*h**2 - 5*h. Let i be n(5). Let l = 0 + i. Let g(y) = y. Determine g(l).
0
Suppose 31 = -3*p - 23. Let q = -14 - p. Let f(v) = v**3 - 3*v**2 - 6*v + 6. Give f(q).
-2
Let p(f) = f**3 + 3*f**2 + f. Suppose 4*r - 116 = 5*h, -3*r + 118 = -5*h - r. Let d be (h/16)/(1/2). Determine p(d).
-3
Let n(g) = -g + 10. Let y be n(5). Let t(b) be the third derivative of -b**6/120 + b**5/10 - b**4/6 - 2*b**3/3 - b**2. Give t(y).
1
Let t(g) be the second derivative of g**3/6 - g**2 + 16*g. Calculate t(5).
3
Suppose -4*q = 3*y - 18, -3*q - 2*y = -y - 16. Let l(z) = 2*z**2 - q*z**2 + 5*z**2 + 2 - 4*z. What is l(3)?
-1
Let a(k) = 2*k**2 + 2*k - 3. Let n be (-2)/6 - 4/6. Let g = 1 - n. Suppose -4*c = g*j + 16, -2*j = 2*j + c - 3. Give a(j).
9
Suppose -5*r - 5*l = 5, -4*l + 2 = 18. Let a be r/(2 + 1) + 2. Let o(k) = a*k + 6*k**2 - 3*k**2 - 2*k**2. Determine o(-5).
10
Let a(g) = -3*g - 5. Let q = -5 - 0. Calculate a(q).
10
Let v(k) = 8 + 0*k**2 - 18*k - k**2 + 26*k - 12*k. Give v(-6).
-4
Suppose -3*c = -7*c. Let n(u) = 2 - 4*u**3 - 7 - u**2 + 3*u**3. Calculate n(c).
-5
Let z(x) = -x**3 + 6*x**2 + 9*x - 11. Let l be z(7). Let a(w) = -w**3 + 4*w**2 - 3*w + 2. What is a(l)?
2
Let z = 8 - 13. Let j = 0 - z. Let f(w) = -5*w**2 - 12*w. Let a(x) = 11*x**2 + 25*x + 1. Let v(k) = -6*a(k) - 13*f(k). Calculate v(j).
-1
Let t(s) = s**3 - 8*s**2 + 10*s - 5. Suppose -31 = -3*q - 2*q - y, 2*y = -3*q + 13. Give t(q).
16
Suppose 0 = -3*k - 21 + 6. Let y(o) = o. Give y(k).
-5
Let g(z) be the second derivative of z**5/20 + 5*z**4/12 + z**3/2 - z**2/2 - 15*z. Give g(-4).
3
Let o be (-37)/180 + (-10)/(-45). Let q(b) be the third derivative of 0 + 7/6*b**3 - 5/24*b**4 + 0*b - o*b**5 - b**2. Give q(-5).
7
Let c(r) be the third derivative of -r**5/60 + r**4/6 - r**3/3 + 6*r**2. Determine c(3).
1
Suppose -r + 20 = 3*r. Let q = -3 + r. Let w(m) = q - 10*m - 5 + 2. Give w(1).
-11
Let t = -5 - -3. Let q(y) = 3*y**2 + y - 3. Let a(j) = -4*j**2 - j + 4. Let u(i) = 4*a(i) + 5*q(i). Determine u(t).
-5
Let l(b) = -2*b**2 + 14*b + 8. Let j(d) = 3*d**2 - 27*d - 15. Let t(u) = 3*j(u) + 5*l(u). Calculate t(-10).
5
Let q(j) = -2*j - 28. Let d be q(-12). Let i(g) = g - 3. Calculate i(d).
-7
Let m(c) = 8*c. Let y(s) = 3*s. Let f(x) = 4*m(x) - 11*y(x). Calculate f(3).
-3
Let f(x) = 5*x**3 - 2*x**2 + 1. Let j(m) = -m**2 - m + 1. Let s be j(0). Give f(s).
4
Let i(v) = 5*v + 2. Let y(k) = 6*k + 2. Let d(u) = -4*i(u) + 3*y(u). Determine d(-4).
6
Let f(r) = 2*r**2 + 1. Le